. Let u be k(14). What is the units digit of ((-1)/l)/(9/u)?
7
Suppose 4*n = -97 - 923. Let f = 429 + n. What is the hundreds digit of f?
1
Let f(y) = y**3 - 21*y**2 - 21*y + 53. Let i be (-16)/(-84)*33*7/2. What is the tens digit of f(i)?
7
Suppose 1011 = o - 4*t, 5*o + 50*t - 5105 = 45*t. What is the tens digit of o?
1
Let w = 11410 + -6292. What is the hundreds digit of w?
1
Let g(d) = 2*d**2 - 48*d + 50. Let u be g(30). Suppose -u = -9*m - m. What is the units digit of m?
1
Let v = 33104 + -18397. What is the tens digit of v?
0
Suppose -2*d = -5*j - 2841 + 19169, 5*j - 16335 = -5*d. What is the hundreds digit of j?
2
Let q be (-50)/(-125) - (-41923)/5. Suppose -q = -10*c + 4355. What is the units digit of c?
4
Let t be (-4)/(-2) + 14 + -16. Suppose t = 4*x + x + 30. What is the units digit of 63/x*(-12)/9?
4
Suppose -385*c - 1166828 = -461*c. What is the hundreds digit of c?
3
Let g(u) = -u**2 - 5*u - 13. Let m(y) = -y**2 - y + 1. Let l(v) = g(v) - 4*m(v). Let r be l(11). Suppose -13*a + 18*a - r = 0. What is the units digit of a?
7
Let o(i) = -i**2 - 15*i + 2. Let a be o(-15). Suppose -c + 5*s + 220 = 0, -a*s - 1303 = -4*c - 351. What is the hundreds digit of c?
2
Let d(y) = -206*y**2 - 2*y - 7. Let u(f) = -2*f**2 + 2. Let i(t) = -d(t) - 2*u(t). What is the hundreds digit of i(2)?
8
Let c = -78791 + 135312. What is the tens digit of c?
2
Let z(v) = v**3 - 2*v**2 - v + 3. Let d be z(-3). Suppose -4*i - 291 = -5*m, 0 = -0*m - 4*m + 3*i + 232. Let a = d + m. What is the tens digit of a?
1
Let a = -59871 + 93768. What is the ten thousands digit of a?
3
Let i(w) be the first derivative of -w**3/3 - 25*w**2/2 - 21*w - 4. Let y(q) = -3*q**2 + 14*q - 15. Let o be y(5). What is the tens digit of i(o)?
7
Let d(x) = -10*x**2 - 15*x - 16. Let v be d(-7). Let w = -146 - v. What is the hundreds digit of w?
2
Let d(z) = -4*z**3 + 30*z**2 - 5*z + 169. Let c(t) = 11*t**3 - 90*t**2 + 16*t - 507. Let m(k) = -3*c(k) - 8*d(k). What is the tens digit of m(28)?
1
Suppose 27*x - 237 = 249. Suppose 14*c + 880 = x*c. What is the units digit of c?
0
Suppose 0 = 1534*f - 1531*f + 7398. Let c = -882 - f. What is the units digit of c?
4
Let m be (-48)/(-21) + (-2)/7. Let g(h) = 5*h - 6*h**2 + m*h**3 - 3*h**2 - h**2 + 9*h**2. What is the units digit of g(3)?
0
Let g be 1216/(-208) + 6 - 2624/(-13). Suppose 0 = -201*u + g*u - 1298. What is the thousands digit of u?
1
Let d = 4 + 0. Let h be ((-144)/30)/(-4)*155. Suppose 5*r - 746 = j, -d*j - h = -3*r + 248. What is the hundreds digit of r?
1
Suppose 69*v = -151100 + 597789 + 218471. What is the hundreds digit of v?
6
Suppose 2*q + 5*f = 75721, 1 = -4281*f + 4280*f. What is the thousands digit of q?
7
Suppose -210617 = -154*q + 113*q. What is the tens digit of q?
3
Let a = 59034 - 26291. What is the ten thousands digit of a?
3
Suppose -72*d = -86*d + 164276. What is the ten thousands digit of d?
1
Suppose -5*l - 4*h + 13975 = h, -2*h - 5578 = -2*l. Suppose 2*o = -3*f + 4203, 10*o = -2*f + 12*o + l. What is the tens digit of f?
9
Suppose 3*a + 9 = 3*h, 3 + 3 = -a - 2*h. Let g be a + (-1)/(4 + -3). Let s(c) = 2*c**2 + 8*c + 11. What is the units digit of s(g)?
1
Suppose 970 = 106*r - 101*r. Let k = 284 + r. What is the hundreds digit of k?
4
Let h(t) = 11*t**2 + 13*t + 2. Let z be h(-10). Let j = z + -559. Suppose 67 = 10*n - j. What is the units digit of n?
8
What is the tens digit of ((-4 + 7)/(15/(-178545)))/(0 - 3)?
0
Suppose 4*f + 2*n - 13349 = -3*n, 3*f - 5*n = 10003. Suppose -38*r = -32*r - f. What is the tens digit of r?
5
Let c = 7378 - 1556. What is the units digit of c?
2
Let s(b) = -19*b**3 - 3*b**2 - 31*b - 312. What is the hundreds digit of s(-9)?
5
Let k(m) = -3*m**2 - 31*m + 84. Let h(p) = 8*p**2 + 62*p - 167. Let x(c) = -2*h(c) - 5*k(c). What is the units digit of x(27)?
2
Let l(x) = x**2 - 15*x - 5. Let z(k) = -k**2 + 18*k + 5. Let s(g) = 6*l(g) + 5*z(g). Let q = -3 + -3. What is the units digit of s(q)?
1
Let t = 40915 + -22254. What is the tens digit of t?
6
Suppose 0 = 5*b + 4*v - 49742, -2*b = 270*v - 268*v - 19898. What is the tens digit of b?
4
Let c = -67548 + 107193. What is the units digit of c?
5
Suppose 105*i + d = 110*i - 64205, i = 4*d + 12841. What is the ten thousands digit of i?
1
Let z(k) = -13 - k**3 - 9 - 26*k + 22*k**2 - 7. Suppose -n + 112 = 4*n + 4*h, -32 = -n - 4*h. What is the hundreds digit of z(n)?
2
Let x(r) = 0*r**3 - 13 - 2*r**2 + 2*r + 4*r**3 - 11*r**3 + 15. Let f(u) = u + 2. Let g be f(-5). What is the tens digit of x(g)?
6
Suppose -2*b - 10 = 0, -5*b = 2*y - b - 9932. What is the tens digit of (y/(-6))/(-8) - (-1)/3?
0
Let z = -62 - -70. Let u(r) = r**3 - 2*r**2 + 4*r - 20. Let m be u(z). Suppose 0 = -4*l, -3*c - 3*l + m = l. What is the units digit of c?
2
Let n(z) = 288*z**3 - 3*z**2 + 6*z + 15. What is the units digit of n(4)?
3
Suppose 0 = 4*p - 156 - 108. Suppose 334 = 4*l + 2*i, 0 = 9*l - 4*l - i - 421. Let a = l - p. What is the units digit of a?
8
Suppose 5310624 = -49*o + 263*o. What is the units digit of o?
6
Let f(q) = 1755*q + 1028. What is the units digit of f(1)?
3
What is the hundreds digit of 8/4 + -22*(-904)/16?
2
Suppose 93*q - 86*q - 35 = 0. What is the units digit of (3/(-3))/(q - (-59528)/(-11904))?
8
Suppose 33 + 0 = 3*o. Let s(q) = q**2 - 7*q - 40. Let i be s(o). What is the units digit of ((-2862)/8 - 1/i)/(-2)?
9
Let z(s) = 899*s - 1459. What is the tens digit of z(18)?
2
Let w be (45/12)/(-4*9/(-96)). Suppose 8*n = w*n + 32. Let f(m) = -14*m - 70. What is the tens digit of f(n)?
5
Suppose -62 = -7*f - 6. Suppose 0 = 9*g - f*g - 357. What is the tens digit of g?
5
Suppose -d + 25 = 3*t - 7, -2*d + 4*t = -34. Let w = d + -19. Suppose -w*l + 283 - 111 = 0. What is the units digit of l?
3
Let j = 568 - 318. Let c(o) = -8*o + j*o**2 - 27*o - 253*o**2 - 9. What is the units digit of c(-10)?
1
Let a(l) = -88*l**3 - 14*l**2 - 26*l - 102. What is the tens digit of a(-7)?
7
Suppose -5*v - 441 - 13920 = -2*c, v - 43035 = -6*c. What is the units digit of c?
3
Let l be -1 - ((-13)/13 + -1 + -2). Suppose -3*g = -3*j + 1164, -l*g - 725 - 824 = -4*j. What is the hundreds digit of j?
3
Let w = -2927 - -6033. What is the hundreds digit of w?
1
Let q be (35/14)/(2/4). Suppose 2*t = -2*u + 808, u + q*t - 201 = 219. What is the hundreds digit of u?
4
Let k(s) = 4*s**2 + 15*s + 5. Let a be k(-5). Let g be (-2)/6 - -2 - (-10)/a. What is the tens digit of g/8 - (0 + 107/(-4))?
2
Let f be -8*(36/16 - 4). Suppose 3*u = -5*x + 355, 633 = -9*u + f*u - 2*x. What is the units digit of u?
5
Let w(f) = -3*f + 18. Let g be w(13). Let o be (7 + -15)*(1 + g). Suppose -2*a - 2*a = -4*t - o, 2*t = -6. What is the units digit of a?
7
Let r(l) = l**2 + 31*l - 131. Let g be r(5). What is the tens digit of (2 + 8/(-3))*(g + -2176)?
1
Suppose 3*l + 5*f - 4441 = 0, -3*l - 7*f + 118 = -4327. What is the thousands digit of l?
1
Let d(r) = -5*r**3 + 234*r**2 + 35*r - 23. What is the tens digit of d(46)?
5
Suppose -24953 = -15*h + 76936 + 43746. What is the tens digit of h?
0
Let o be (-1 - -3*(-12)/9) + 8. Suppose -4*f + i - 173 = -2918, 5*f + o*i = 3427. What is the units digit of f?
6
Suppose 59 = 3*i + 62, -15*y - 5*i + 241120 = 0. What is the ten thousands digit of y?
1
Suppose 168*g - 163*g + 5*j = 58070, 0 = -3*g + 3*j + 34794. What is the thousands digit of g?
1
Suppose 96978 = 4*r + 5*o, o + 11 = 17. What is the tens digit of r?
3
Let b(u) = u**2 + 17*u + 28. Let s be 54/(-3)*5/(-10). Let m be (-2)/s + 2136/(-108). What is the tens digit of b(m)?
8
Suppose -1074 = -7*b + 1922. Let o = b + -235. Suppose o = 13*u - 366. What is the units digit of u?
3
Let m = 146184 - 86476. What is the ten thousands digit of m?
5
Let a(b) = -1 - 3*b**2 - 4*b + b**2 - b**3 + 7*b + 4. Let y be a(-3). Let s(w) = 6*w**2 + 5*w - 13. What is the units digit of s(y)?
6
Suppose -5*g = -4462 + 1647. Suppose -3*d + 1092 = -o - 613, -d + g = 5*o. Let t = d - 399. What is the hundreds digit of t?
1
Suppose 24*j + 16510 = 37*j. Suppose 0 = -6*x + x - 3*d + 3123, 0 = -2*x + 4*d + j. What is the hundreds digit of x?
6
Let q(y) = -2*y**3 + 5*y + 3472. Let b(n) = n**3 - 3*n - 2314. Let u(k) = -8*b(k) - 5*q(k). What is the hundreds digit of u(0)?
1
Let b(n) = -57*n**2 - 4. Let u be b(-2). Let f = -42 - u. Let a = f 